and 153?
51
Let s = -1976 - -2051. What is the highest common divisor of 465 and s?
15
Let i = 9 - 1. Let t = -5779 - -5781. Calculate the greatest common divisor of t and i.
2
Suppose 3*r + 8 - 29 = 0. Let u = 38 - 31. Let f be (6 - u) + 38*6/4. Calculate the greatest common factor of f and r.
7
Let l = -17427 - -17532. What is the greatest common factor of l and 1631?
7
Let u(s) = s**3 - 5*s - 10. Let q be u(5). Let w be 3*(-85)/(-5) + 3. Calculate the greatest common factor of q and w.
18
Let z be 154/(-847) - (28368/44)/(-4). Calculate the highest common factor of z and 7383.
23
Let z(t) = -t**3 - 3*t**2 + 1. Let h be z(-4). Suppose h*x - 1224 = -7*x. Calculate the greatest common divisor of 136 and x.
17
Let t = 229 + -187. Let f(r) = r**3 + 8*r**2. Let h be f(-8). Suppose h = -3*v + 4*p + 96, t = v + p + 17. What is the highest common factor of v and 84?
28
Let d be (-2)/(935/135 - 7). Let j(l) = -12*l**3 - 3*l**2. Let k be j(-3). What is the greatest common divisor of k and d?
27
Let t(m) = 2557*m**2 + 69*m - 256. Let i be t(3). What is the greatest common factor of i and 4?
4
Suppose 232*p - 8707 = 11013. What is the highest common divisor of p and 6375?
85
Suppose 0 = -4*r + 2*i + 78, -r + 4*r + 3*i - 45 = 0. Suppose -6*j = -5*j + 2*n - r, n = -3*j + 34. What is the greatest common divisor of 290 and j?
10
Let n be 4 + (-8)/1 - (-4)/1. Suppose -x + 34 - 11 = n. Calculate the highest common factor of 161 and x.
23
Let c be 2529/54 + -23 - (-1)/6. Let r = -7 + 12. Suppose -4*j + 4 = -0, r*n - 33 = -3*j. Calculate the greatest common factor of c and n.
6
Suppose 29*g - 5*g - 27272 = 159952. What is the greatest common divisor of 116 and g?
29
Let f(o) = -23 + 17*o - 22 + 49 - o**2. Let k be f(18). Let y be 2/k - 904/(-56). What is the highest common divisor of y and 64?
16
Suppose 451*f - 5*q - 1803 = 447*f, 3*q = 4*f - 1797. Calculate the greatest common divisor of 3725 and f.
149
Let m(i) = 3*i. Let n be m(4). Let y be (n/(-42))/((-2)/28). Suppose -900 = -x - y*x. What is the highest common factor of x and 20?
20
Suppose -5*x + v = 15, 2*x - v + 24 = 3*v. Let j be ((-43)/x)/(1/2) - -4. What is the highest common divisor of j and 376?
47
Suppose -4*f + 534 = 118. Let u be (-33088)/(-2585) - (-16)/5. Calculate the greatest common factor of u and f.
8
Let x = 1702 + -1676. Suppose 3*q = -2*y - 3*y + 390, 0 = -3*q. What is the greatest common divisor of x and y?
26
Suppose 0 = -19*g - 32*g + 510. Suppose -6*m + 70 = -4*m. Calculate the highest common factor of m and g.
5
Let u = 3166 - 330. Suppose -d = -4*g + 2882 + u, 0 = 3*d + 6. Suppose 0 = 8*s - g + 421. What is the greatest common factor of s and 84?
42
Let m be (8/20)/(2/520). What is the greatest common divisor of 56 and m?
8
Let r(l) = 2*l**2 - 39*l + 96. Let w be r(-9). What is the greatest common factor of 232 and w?
29
Let x = -37 + 41. Suppose 3*z - 52 = 2*z. What is the greatest common divisor of z and x?
4
Let a = -11 - -207. Let h = -187 + a. Calculate the highest common divisor of 2 and h.
1
Let l = 281 - 231. Let h be 1*(-5 - -4) + l. Calculate the highest common divisor of h and 245.
49
Suppose 0 = -y + q + 15, -2*y + 2*q + 36 = 3*q. Suppose -15*h - 3*h = 36. Let z be 4/26 - (12360/52)/h. What is the greatest common divisor of y and z?
17
Suppose -2*n + 3*o = 0, -13*n = -10*n + 2*o. Suppose n = 2*u + 8*g - 4*g - 66, -3*u + 5*g = -132. Calculate the greatest common factor of 78 and u.
39
Let g be ((-673)/3)/(2/(-4) + 330/684). What is the highest common factor of g and 19?
19
Suppose -3*m + 5*b - 295 = 0, 0*b - b - 109 = m. Let h = m + 139. Let o(c) = 3*c - 1. Let q be o(6). Calculate the highest common divisor of h and q.
17
Suppose 57*u = 48*u + 1674. Let z be -31*-3*15/((-25)/(-5)). What is the greatest common factor of u and z?
93
Let g(u) = -13*u**2 - 4*u - 10. Let s be g(6). Let q = s + 643. What is the greatest common factor of q and 235?
47
Let w = -101 + 412. Let a = -279 + w. Calculate the greatest common factor of a and 32.
32
Suppose 5*s = 20, -2*s - 3 = -4*q + 9. Suppose -q*b = -9*b + 1020. What is the greatest common divisor of b and 15?
15
Let w = -9345 - -9347. Let b = 20 + -9. Let l = b + -7. What is the greatest common factor of l and w?
2
Let u(i) = 27*i**2 - 8*i - 51. Let h be u(8). Let m = h - 946. Calculate the highest common factor of 23 and m.
23
Let q = -21 - 0. Let w(c) = c + 24. Let n be w(q). Suppose -102 = -5*j + 3*s + 321, -n*j + 5*s = -257. What is the greatest common divisor of j and 12?
12
Let v = 476 + -265. Let r = v - 111. Let f = 8 + 32. What is the greatest common factor of r and f?
20
Let s(y) = -2*y**3 - 4*y**2 - 7. Let i be s(-5). Let j be (-31)/(403/(-104))*759/184. Calculate the greatest common factor of j and i.
11
Suppose -3*b = -2*j - 529 - 3, 3*b - 4*j = 542. Let y be (-2*42/(-4))/(b/1682). Calculate the greatest common factor of 21 and y.
7
Suppose -11*t = 121*t - 770616. Calculate the greatest common factor of 168 and t.
42
Let h(y) = -y**2 - 6*y + 137. Let o be h(-13). Suppose -q = -4*p - 36, -p - o + 7 = -q. Calculate the greatest common divisor of 210 and q.
10
Let b(s) = s**3 - 31*s**2 + 116. Let z be b(31). Suppose z = 24*x + 5*x. Let n be 22 + (-1 - 2) + 1. Calculate the greatest common factor of x and n.
4
Let b(c) = c**2 + 15. Let p be b(8). Let f(q) = -14 - 80*q**2 + p*q**2 - 3*q - q**3 + 0. Let u be f(-4). Calculate the greatest common divisor of 46 and u.
46
Let z be (-2)/(-5) - (-14 - 89573/55). Let f = -7 + 60. Calculate the greatest common divisor of z and f.
53
Let f be 145164/(-54) + 2/9. Let i be (-6)/(-21) + (f/(-49))/4. What is the greatest common factor of i and 448?
14
Let s(z) = -18*z**2 - 364*z - 90. Let v be s(-18). What is the highest common divisor of v and 2790?
90
Let y be (714/(-15))/(-1) + 15/(-25). Suppose 2*o = 3*i + 2*i - 71, 3*i + o = y. Suppose 53 = s - i. What is the highest common factor of 34 and s?
34
Let h(j) be the third derivative of -3*j**4/8 + 41*j**3/6 - 4*j**2 + j. Let o be h(-5). Calculate the greatest common divisor of 344 and o.
86
Let t = -1740 + 1980. Calculate the greatest common divisor of 690 and t.
30
Suppose 16*x + 44*x = 60. Let z = 1 + 1. Let u be (14 - z) + -5 + x. What is the greatest common divisor of u and 40?
8
Suppose 46*t - 185900 = -97*t. What is the greatest common divisor of t and 700?
100
Suppose 2*q + 5*i + 128 + 91 = 0, 0 = 5*q + 2*i + 537. Let x = 41 - 83. Let u = x - q. What is the greatest common factor of u and 26?
13
Let z be (97/((-1358)/(-60)))/((-3)/(-2352)). Calculate the highest common factor of z and 2310.
210
Let q be ((-1)/(-2))/((-1)/(-22)). Let x = -361 - -361. Suppose 0 = 6*k - 5*k - 4*j - 2, x = j - 5. What is the highest common factor of q and k?
11
Suppose 15*g = 22*g + 350. Let b be (-34)/(-5) + (-40)/g*-1. Calculate the highest common divisor of 108 and b.
6
Let y = 5190 - 4038. Calculate the highest common factor of y and 640.
128
Suppose 0 = 21*q + 6530 - 16232. Let g(p) = -14*p + 14. Let s be g(-5). Calculate the greatest common factor of q and s.
42
Let n = 5 - 6. Let v be n/(1/(-3) + (-4)/6). Let z be 8 - (0 - 4)/v. What is the greatest common divisor of z and 16?
4
Let w(c) = c**2 + 11*c + 10. Let p be w(-11). Suppose -h - 451 = p*h. Let m = -40 - h. What is the greatest common factor of m and 2?
1
Let m = 2913 - 2912. Let a be (6/4)/(12/32). Suppose p = a*p - 33. Calculate the greatest common factor of m and p.
1
Suppose 64*a + 120 = 67*a. Let s = a + 76. Calculate the greatest common factor of s and 29.
29
Let k = 76 - 52. Suppose -4*n - 9 - 199 = 0. Let x = 112 + n. Calculate the highest common factor of k and x.
12
Let b = 93 + -185. Let x = b + 129. What is the highest common divisor of x and 407?
37
Suppose 4401 = 9*b - 52146. What is the greatest common factor of 309 and b?
103
Suppose -31*n = -35*n + 2*w + 13330, 4*w = 5*n - 16664. What is the highest common factor of 119 and n?
119
Suppose -747 = -w + 4*d, -2*w = -4*w + 2*d + 1512. Suppose 0 = 5*j + 3*c - 7*c - 345, 4*j - 276 = c. Calculate the highest common divisor of w and j.
69
Let w be 2 + -1*2 + (-14 - -11). Let o be ((-1)/(-3))/(4142/1380 + w). Calculate the greatest common divisor of 184 and o.
46
Suppose 6*w - 395 = 19. Suppose -9*o - 118 = -7*o. Let h = 